 -69 + 73. Suppose -u*h + 4*b = -7536, 3*b - 7529 = -2*h - 2*h. Is h a prime number?
False
Let o(v) = 21264*v + 7363. Is o(6) a prime number?
True
Suppose 3*r = a, -6*r = -7*r + a. Suppose -3*v + 2*o + o = -1251, r = 5*o - 25. Is v prime?
False
Suppose -3*k + 3 = 3*d, 1 = -5*d + d + k. Suppose d = -8*f + 5*f + 5259. Is f a prime number?
True
Suppose 1072432 = -50*l + 1844189 + 1962393. Is l a composite number?
True
Is (96787 + -21)/((-4)/(-2) - (0 + 0)) a prime number?
True
Suppose 0 = -6*v + 613549 + 849365. Suppose -v - 12318 = -3*p. Is p prime?
False
Let v = 743 + 21. Let c = v - 258. Let j = 987 - c. Is j a prime number?
False
Let o = 180486 - 56715. Is o composite?
True
Let z(l) = l + 27. Let p be z(-22). Suppose 10*h - p*h = -4*q + 16913, -2*h - 21133 = -5*q. Is q composite?
True
Suppose -21*d + 167*d - 82889553 - 255215057 = 0. Is d a prime number?
False
Suppose -14*s = -2*t - 10*s + 164410, -2*s + 246623 = 3*t. Is t prime?
True
Let d be 36/(-66) + (-5)/11. Is 29 - 27 - (d - 4858) a prime number?
True
Let j = -186732 - -570251. Is j a composite number?
False
Let v = -89728 + 150615. Is v a composite number?
False
Let w = 23488 - 12153. Is w composite?
True
Let b(x) = -x**3 - 4*x**2 + 3*x - 10. Let p be b(-5). Suppose 5*i - 41 + 16 = p. Suppose 0 = -i*j - 2*w + 701, -3*w = j - 0*j - 135. Is j a composite number?
True
Suppose -2*h + 3 = h, -97 = -5*q - 2*h. Is ((-270)/8 + 1)/(q/(-836)) a prime number?
False
Let m = 19383 - 29200. Is (2/4)/(m/(-2454) - 4) a composite number?
True
Suppose -13*s - 14*s + 855351 = 36*s. Is s a prime number?
True
Let o(p) = 125611*p**3 + p**2 + 42*p - 43. Is o(1) prime?
False
Let g = -79 + 79. Suppose -9*m + 6*m - t + 113155 = 0, -5*m - 2*t + 188593 = g. Is m a composite number?
False
Let a = -19980 + 32349. Suppose 0 = -2*i + 23*i - a. Is i prime?
False
Suppose -95*v + 111*v - 60688 = 0. Is v a composite number?
False
Let g(v) = 103392*v + 1885. Is g(5) prime?
False
Let r = 1794 + -17964. Let x = r - -22973. Is x a prime number?
True
Let p = -44 - -255. Let l = 124 - p. Let g = 166 - l. Is g prime?
False
Suppose -2*k + 32 = -5*g - 15, k + g - 20 = 0. Let r(n) = -99*n + 34. Let b be r(k). Let y = b + 3132. Is y a prime number?
True
Let w = 19348 + -12927. Is w a prime number?
True
Let y = -1276 + 5018. Suppose -31*b + 175707 = -7*b + 23379. Let x = b - y. Is x composite?
True
Let x(q) = -3*q**2 - 6*q + 4. Let m be x(-3). Let f(g) = -g**3 - 6*g**2 + g - 2. Let j be f(m). Is j/176 + (-2389)/(-11) composite?
True
Is (2535 - 2)/((0 + -3)*40/(-120)) a prime number?
False
Suppose -2*y + 848491 = -v + 6*v, -3818191 = -9*y - 4*v. Is y composite?
False
Suppose 0 = 4*k - 0*x + x - 44192, k - 11048 = -4*x. Suppose 0 = -2*y + 7*y + 4*c - 55297, 3*c = y - k. Is y a composite number?
False
Suppose -20 = -2*l - b, 9*l = 10*l - 2*b - 20. Let i(n) = 2*n - 21. Let g be i(l). Suppose -g*q = 4*q - 8029. Is q prime?
False
Let k be (-6)/(-4)*(-8)/12*-7. Let c = -14 + k. Is ((-4)/(-2) - -506)*c/(-4) a composite number?
True
Let d(i) be the second derivative of i**4/2 - 5*i**3/6 - 16*i**2 - 2*i. Let j(f) = 2*f**2 + 14*f + 15. Let z be j(-3). Is d(z) a composite number?
False
Let u be 5/(-1)*24/(-24). Suppose -x - 3*x + o = -920, -o + 1159 = u*x. Let g = -148 + x. Is g prime?
True
Let a(c) = c**2 - 6*c - 10. Let k be a(7). Let f be (-8)/12 + 10/k. Is (-2930)/(-15)*(-6)/f a prime number?
True
Suppose -2*r = -3*v - r - 14, -4*r - 34 = 3*v. Let y be 6/(-10) + v/15 - -19. Is 30/y*(17 - 2) prime?
False
Let d be (-2)/((-8)/35) - 6/(-24). Let t(j) = 3*j - 35. Let c be t(d). Let l(b) = -437*b + 3. Is l(c) prime?
True
Let j(p) = -1622*p + 4633. Is j(-112) composite?
True
Let x(c) = c - 1. Let u be 2/1 + -6 + 3. Let b(d) = 229*d + 20. Let t(h) = u*b(h) + 6*x(h). Is t(-7) a composite number?
True
Let i = 1090 + -206. Suppose 0 = w + o - 1720 - i, -w = -5*o - 2634. Is w prime?
True
Let a = -30183 - -114566. Is a composite?
True
Let d(b) = 27*b**2 - 10*b + 9. Let v(t) = -5*t + 153. Let f be v(29). Is d(f) a prime number?
True
Let m be (-10751)/(-13 + 15 + 9/(-3)). Suppose -20*y + m = -13589. Is y a prime number?
True
Let f = 29874 - -45491. Is f a composite number?
True
Suppose -12 = 3*x - 21. Let z = -182 - 224. Is (-2 + -7)/x - z a prime number?
False
Let d(r) = 207*r**3 + 14*r + 27. Let u be d(-3). Let p = 10201 + u. Is p a composite number?
False
Suppose -396 = -q - 2*b, b - 462 + 1622 = 3*q. Let g = -14057 - -14036. Let j = q - g. Is j prime?
True
Suppose 0 = 17*w + 12625 + 299002. Let n = w - -41468. Is n a composite number?
True
Let r = 1422535 - 274316. Is r prime?
True
Suppose 3*w = -4*b + 244769, 354*w - 5*b - 163141 = 352*w. Is w a composite number?
True
Let n = 7283 - -864. Is n prime?
True
Let h(g) = -2*g**2 + 2*g + 14. Let j be h(0). Suppose j*r - 7*r + 49 = 0. Let u(t) = -105*t + 10. Is u(r) prime?
False
Suppose 43*l - 4982217 = 6254672. Is l a composite number?
False
Let x(c) be the first derivative of 29*c**4/4 - 5*c**3/3 + 4*c**2 - 15*c + 207. Is x(4) a prime number?
False
Suppose -252 = -6*k - 204. Suppose p = 2*u - 19204, k*u - 5*u = -2*p + 28799. Is u a prime number?
True
Suppose i - 2204 - 333 = 0. Let y = i - 1444. Suppose 7*n = 4656 - y. Is n a composite number?
False
Suppose -84*n + 289356 = -20465 - 6939547. Is n prime?
False
Suppose -12*q + 12384 = 6*q. Is (6 + q)*1*3/6 composite?
False
Suppose -3*s - 2*s = -2*x - 859375, 5*s = 4*x + 859365. Suppose -8*m = -2499 - s. Is m a prime number?
False
Let r be (-464 - 0) + 3 + -1. Let w(k) = -51*k + 97. Let v be w(0). Is r/21*v/(-2) a prime number?
False
Suppose 48 - 138 = -10*s. Is (-10)/(-45) - (-2 - 26017/s) composite?
True
Suppose 26304 = -16*k + 120656. Let l = k - 3540. Is l a prime number?
True
Let v be 7 + -11 - 939/1. Let q = 7712 + v. Is q composite?
True
Let q = 41 + -38. Suppose -q = u + 18. Let v(b) = -19*b + 44. Is v(u) a prime number?
True
Let d = 3346 + -6129. Let p(r) = -61*r**2 + 5*r. Let h be p(5). Let j = h - d. Is j a prime number?
True
Suppose 2*d + 69626 - 337313 = -5*z, -4*z + 3*d + 214168 = 0. Is z prime?
False
Let c = 28033 - 13562. Is c a prime number?
False
Is 44727 + 23 - 5/(3 - 4) a prime number?
False
Let x = 59 - 59. Suppose 2*p + c - 23 = x, 33 = -0*p + 3*p + 3*c. Let g = 295 + p. Is g a composite number?
False
Suppose 0 = 2*m + 4, o - 2*o = -m - 3. Let i(y) = 0 + 0 + 1139*y**2. Is i(o) a composite number?
True
Suppose 10 = 2*r - 4*g, 2*g - 6*g = 3*r - 35. Let b(u) = u**3 + 5*u**2 - 7. Let x be b(r). Let k = -153 + x. Is k a prime number?
False
Let x be ((-7441)/(1 - 8))/((-2)/112). Let w = 111313 + x. Is w a composite number?
True
Suppose q + 2*h = 4*h + 4, 0 = 5*q + h - 9. Suppose 5*d = 4*a + 32, -15 = q*a + 3*a. Suppose d*s - 1582 = 654. Is s prime?
False
Let l(n) = 10749*n**3 - n**2 - 13*n + 29. Is l(2) prime?
True
Let c = 8553 + 1353. Suppose i = 2*f - c, -43*f + 40*f = -3*i - 14853. Is f a prime number?
False
Let y = -21 - -29. Let s = 10 - y. Suppose -2*h = -5*m - 269, s*h + m + 3*m - 242 = 0. Is h a prime number?
True
Let y(r) = 536*r**2 + 21*r - 31. Let g(q) = 358*q**2 + 14*q - 21. Let t(c) = -7*g(c) + 5*y(c). Is t(5) composite?
True
Suppose 8*t - t - 175 = 0. Is (t - -466)*(1 - 0) a prime number?
True
Let k = 35418 + 100381. Is k prime?
True
Suppose l + 395503 = 4*h - 3*h, h - 5*l - 395479 = 0. Is h composite?
False
Suppose 73*z - 75*z + a + 234905 = 0, -587285 = -5*z - 5*a. Is z composite?
True
Let z be ((-1478)/(-6) + -2)/((-20)/240). Let n = z + 4181. Is n a prime number?
True
Let x = -7685 + 199336. Is x prime?
False
Let x = 88584 - 36437. Is x a prime number?
True
Let t(h) be the third derivative of -9*h**5/20 + h**4/6 + 5*h**3/2 - 15*h**2. Let r be t(-5). Let g = 1363 + r. Is g a prime number?
True
Suppose -k + 3*q = -161570, -52*q = -4*k - 49*q + 646253. Is k a composite number?
False
Let g(n) = 2357*n**2 - 10*n + 4. Is g(13) prime?
True
Suppose 3*d - 30 = -3*c, 4*c + 8 = 6*c. Let h(g) = 111*g**2 + 16*g + 2. Let u be h(d). Suppose 2*w + 624 = u. Is w composite?
True
Let t(m) = 16*m**3 - 2*m + 3. Let q be t(-3). Let d = -114 - q. Let p = d + 122. Is p a composite number?
False
Suppose 301*a - 5*w + 790829 = 305*a, -2*w = 6. Is a prime?
True
Let r(d) = 24762*d - 103. Is r(1) a prime number?
True
Let y = 43 + -39. Suppose -10 +